*o + 2876. What are the prime factors of i(6)?
2, 45553
Let x = -1 + -13. Let v be (-21)/(6/(-2))*(-4)/x. Suppose 4*g = -3*n + 155, -4*g - 170 = -4*n - v*g. What are the prime factors of n?
3, 5
Suppose -537*f = -536*f - 42. Suppose 15*g - f = 198. What are the prime factors of g?
2
Suppose 2*r + 152 = -4*c - 0*c, -4*r = -3*c + 348. Let t = 109 + r. What are the prime factors of t?
5
Let y(o) = 415*o + 10. Let k be y(-1). Let m = 753 + k. What are the prime factors of m?
2, 3, 29
Suppose 3*w = -3*w - 54. Let d(c) = -c**3 - 4*c**2 + 15*c + 24. List the prime factors of d(w).
2, 3, 7
Let a = -66986 + 99271. List the prime factors of a.
5, 11, 587
Let o = 68 + -64. Suppose 3*n + 13 = 4*g + 4*n, 0 = 3*g + o*n. Suppose 0 = -2*b + g*a + 20, -3*b + 2*a - 40 = -7*b. List the prime factors of b.
2, 5
Let d = -3616 + 13470. What are the prime factors of d?
2, 13, 379
Let l be ((-15)/(-10))/(2/(-4)). Let v be ((-4)/(-6))/((-10)/l + -3). Suppose -v*i + 310 = -0*i. What are the prime factors of i?
5, 31
Let j(l) = 4*l**2 - 2*l**2 + 4 + l**3 + 7*l**2 + 3 + 8*l. Let p be j(-7). Let n = -37 + p. List the prime factors of n.
2, 3
Let j be (5/(-2))/(12/(-24)). Let f(d) = -d**3 + 5*d**2 - 2*d + 7. Let x be f(j). List the prime factors of (-22 - 1)/(x + 24/9).
3, 23
Let g = -126 - -123. Let c(z) = 23*z**2 - 3*z - 5. Let p be c(g). Suppose 4*r - 859 = -p. What are the prime factors of r?
2, 3
Let v be (0 - 0)*(1 - 2) + 2. Suppose v*o + 114 = 30. Let z = 75 + o. What are the prime factors of z?
3, 11
Let s = 2869 + -2037. Suppose 2*q - s = 2*m, -2 = -4*m + 6*m. List the prime factors of q.
5, 83
Let j(i) = -3772*i - 3227. List the prime factors of j(-5).
3, 193
Let t(v) = v**3 - 27*v**2 + 62*v - 1356. List the prime factors of t(35).
2, 3, 29, 61
Suppose 0 = -10*g + 25*g - 1155. Let w(f) = f**3 + 20*f**2 + 19*f + 14. Let d be w(-19). Let a = g - d. List the prime factors of a.
3, 7
Let y(t) = 79*t - 35. Let w be y(1). List the prime factors of (3 + w/(-8))/((-1)/524).
2, 5, 131
Let n = -139 + 138. List the prime factors of n/(-9) + 7992/243.
3, 11
List the prime factors of (1/(60/13610))/((-2)/(-84)) - 2.
3, 5, 127
Let w = 1729 + -791. List the prime factors of w.
2, 7, 67
List the prime factors of 3 + 38145/18 - (-15)/(-90).
2, 1061
Suppose -4*c = -3*x + 5 - 21, -5*x = 2*c + 44. Let n be -3 + x/(-3) - 294/(-18). Let t(s) = 2*s + 33. List the prime factors of t(n).
5, 13
Suppose -4*t + 3*q = -55, -2*t - 5*q + 21 = -0. Let y(g) = g**3 - 2*g**2 - 16*g - 10. List the prime factors of y(t).
3, 547
Let z(i) = i**3 + 14*i**2 - 4*i + 7. Suppose 21*p - 39 = 24*p. What are the prime factors of z(p)?
2, 3, 19
Suppose 1628 = -2*b + 4648. Let a be (2/(-2))/(10/b). Let t = -102 - a. What are the prime factors of t?
7
Let r(m) = 2*m + 55. Let v be r(-28). What are the prime factors of 3/(-6)*v - 7263/(-18)?
2, 101
List the prime factors of (93 - -536)/(2/18).
3, 17, 37
Let m(w) be the second derivative of w**4/12 + 3*w**3/2 - w**2 + 51*w. Let c = -33 - -23. What are the prime factors of m(c)?
2
Let s = 16317 - 13530. What are the prime factors of s?
3, 929
Let x(m) = -100*m + 189. Let d be 16/(-2) + (-5)/10*10. List the prime factors of x(d).
1489
What are the prime factors of (310968/(-154))/(6/(-33))?
2, 3, 617
Let g(o) = o**3 - 7*o**2 - 8*o + 22. What are the prime factors of g(13)?
2, 233
List the prime factors of (-247)/((-4)/8 + (-530)/(-1100)).
5, 11, 13, 19
Let a(p) = 26*p. Let l(r) = -4*r - 11. Let q be l(-3). Let b be a(q). Suppose 0 = 28*n - b*n - 62. What are the prime factors of n?
31
Let j be 4/10 - 340/(-25). What are the prime factors of 4/j - ((-873)/7 + 0)?
5
Let a = 25938 + -16477. What are the prime factors of a?
9461
Let y(o) = -149*o + 6333. What are the prime factors of y(0)?
3, 2111
Let p = -52 - -63. Suppose -q + 48 = -p. Suppose m + 3*h - q = 0, 5*m + 4*h - 180 - 126 = 0. What are the prime factors of m?
2, 31
What are the prime factors of (301302/(-285))/((-3)/10)?
2, 881
Let f be 5 - (-6)/(7 - 13). Suppose -3*m + f*k = -2*m - 172, -2*m = k - 335. List the prime factors of m.
2, 3, 7
Suppose 3 = -v, u + 5*v = 3*u - 19. Suppose -3*x = -3*r - 477, u*r - 914 = -4*x - 254. List the prime factors of x.
163
Let m = 3 - 3. Let b = 1 - m. What are the prime factors of (b + 345/9)/(4/6)?
59
Suppose -4*a + 65 = 81. Let z(l) = 14*l**2 + 2*l + 6. List the prime factors of z(a).
2, 3, 37
Suppose 5*y - 27457 = -3*o - 3695, 1 = y. What are the prime factors of o?
7919
Let i(p) = -14*p**3 - 2*p**2 - 4*p - 1. Suppose -3*z = 2*r + 1, 0 = 5*z + 2*r + 3 + 4. List the prime factors of i(z).
7, 53
Let g(b) = -16 - 2*b**2 - 1 + 6*b**2 + 0. Suppose -5*l = -12 - 18. What are the prime factors of g(l)?
127
Suppose -2*j + 3*n = -7*j + 570, -5*n + 25 = 0. Suppose 109*c = j*c - 274. List the prime factors of c.
137
Suppose -5*s = -3*x - 24103, -8*s + 3*s - x = -24119. List the prime factors of s.
7, 13, 53
Let g be ((-18)/(-27))/(((-28)/11736)/(-7)). Suppose 3*o + g = 5*l + o, -9 = 3*o. List the prime factors of l.
2, 3, 5, 13
Suppose -3*i - 3*m - 489 = -2451, 0 = 5*m. List the prime factors of i.
2, 3, 109
Let n = -230 + 232. Suppose 0 = n*g + 7 - 155. List the prime factors of g.
2, 37
Let i = 276 - 276. Suppose i*j - 4*j + 4648 = 0. What are the prime factors of j?
2, 7, 83
Suppose -5*u + 18 = -7, u = 2*y - 5. Let c be y/(10/(-108)) + 57/19. Let g = 80 - c. List the prime factors of g.
131
Let j(v) = -23*v + 19. Let f be 16*5/(-10) + (-2 - -4). What are the prime factors of j(f)?
157
Let v be (2 + -2 - -1)*(3 - 0). Suppose v*f - 3528 = -4*f. List the prime factors of ((12/(-7))/1)/((-16)/f).
2, 3
Suppose 2*m = -h + 35, -2*h + 5*m - 3*m + 88 = 0. Let n = 45 - h. Suppose 0*c = 3*c - n*p - 285, 0 = -5*c + p + 458. What are the prime factors of c?
7, 13
Suppose -30*a = -29*a - 5*t - 15709, -2*t = 12. What are the prime factors of a?
15679
Let q(f) = 3*f**2 + 12*f + 13. Let h(v) = -2*v - 6. Let c be h(-8). Suppose 20 = -c*o + 8*o. What are the prime factors of q(o)?
193
Let l be (12/(-10))/(33/(-110)). Suppose 4*j + l*r = 6612, j - r = 5*j - 6603. Suppose 14*f = -f + j. What are the prime factors of f?
2, 5, 11
Suppose 3*b - m + 3*m = 1728, 1728 = 3*b - 4*m. Suppose 4*n + b = 17*i - 16*i, 574 = i - 3*n. List the prime factors of i.
2, 71
Let s(q) = -4245*q + 689. What are the prime factors of s(-5)?
2, 10957
Suppose 4*p = -d + 9*p + 9022, 0 = d + 3*p - 9038. List the prime factors of d.
2, 1129
Let k = -473 + 470. List the prime factors of (-11 - -7) + (338 - k).
337
Suppose 0 = -259*v + 255*v - 1056. Let s = 622 + v. List the prime factors of s.
2, 179
Let u be (-1)/3 - 220/(-3). Let v = u - -270. Suppose -51 = -y - 0*y - 5*z, -5*y - 3*z + v = 0. What are the prime factors of y?
71
Let z(n) = -14*n**2 - 156*n + 44. What are the prime factors of z(-6)?
2, 7, 17
Let u(h) = 2*h - 13. Let d be u(4). Let b = -3 - d. Suppose -j = b*y - 3*j - 92, 3*y - 2*j - 136 = 0. What are the prime factors of y?
2, 11
Let q(k) = 19*k**2 + 19*k + 32. Let c be q(-6). Let o = c - 258. List the prime factors of o.
2, 43
Let a(t) = -3*t**3 + 5*t**2 - 3*t + 4. Let q = -64 + 67. Let b be a(q). List the prime factors of 1*-2 - 0 - (b + -37).
2, 19
Let f(t) = -3*t - 6. Suppose -21*o + 10 = -26*o. Let x be f(o). List the prime factors of 65*-1*(x + -1).
5, 13
Let v be (-24)/(-28)*1*(2 - 310). Let j be 4*(v - -3)*3/(-12). Let d = -140 + j. List the prime factors of d.
11
Let m(j) be the first derivative of 7*j**3 - 9*j**2/2 - 10*j - 61. What are the prime factors of m(-4)?
2, 181
Let u = -95 + 93. Let g be u/9 + (-342)/(-81). Suppose 5*n + q - 66 = 585, -g*n + 521 = q. What are the prime factors of n?
2, 5, 13
Let p(t) be the first derivative of -10*t - 18 - 5*t**2 + 2*t**2 + 20 - 8*t. List the prime factors of p(-16).
2, 3, 13
Let t(n) = n**3 - 10*n - 11. Let f be t(5). What are the prime factors of 16/f - (-1 + (-2878)/8)?
19
Let w(l) = -25*l**3 - 149*l**2 + 24*l - 3. What are the prime factors of w(-12)?
3, 7151
Let r = 20754 - 6603. List the prime factors of r.
3, 53, 89
Suppose 0 = -3*d + 3, 3*p + d - 11 = -4*d. Let n be (26/(-8))/(0 + p/(-8)). Suppose i - n = 2. List the prime factors of i.
3, 5
Let d be 0/2 + 7 + -4. Suppose -d*b + 210 = -b. What are the prime factors of (20/15)/(10/b)?
2, 7
Let y(t)